mainder when i(f) is divided by 9?
5
Suppose 0 = -0*r - r + j + 5, 0 = 4*r + j. Let b(y) = -4*y - 5. What is the remainder when b(-13) is divided by 8*3*(r + 0)?
23
Suppose h - 1 = 5*f - 5, 4*f - 3*h - 1 = 0. Let k = f - -17. Calculate the remainder when k is divided by 10.
8
Suppose -8*c + 15*c - 42 = 0. Suppose -3*m + 137 = -52. Calculate the remainder when m is divided by c.
3
Let t = 13 + -20. Let q be (8/(-2) - (-104)/26) + -3. Let k = q - t. Calculate the remainder when 15 is divided by k.
3
Let f(u) = 10*u**2 - 59*u + 100. Let b(p) = -7*p**2 + 39*p - 67. Let i(n) = -7*b(n) - 5*f(n). Calculate the remainder when i(15) is divided by 19.
17
Let m be (780/(-8))/3 - (-2)/(-4). Let c = m + 42. What is the remainder when 26 is divided by c?
8
Suppose 13*s + 51*s = 1280. Calculate the remainder when 145 is divided by s.
5
Let d = 58 + -37. Suppose -60*s - 172 = -62*s. Let l = 148 - s. Calculate the remainder when l is divided by d.
20
Suppose 74*t - 61*t - 1534 = 0. What is the remainder when t is divided by 12?
10
Suppose -4*m = -6*m - 90. Let f = 63 + m. Let z(n) = -n**3 + n**2 + n + 52. Calculate the remainder when z(0) is divided by f.
16
Let x be (-2)/6 - 1/(-3). Suppose 0 = -x*q - q. Suppose q*f - 180 = -4*f. Calculate the remainder when f is divided by 16.
13
What is the remainder when (0 - (2 - 0))/(-2) - -1 is divided by 2?
0
Let m(k) = k**3 - 3*k**2 + 20. Suppose -3*b = -5*l + 100, 3*b = 2*b. What is the remainder when m(4) is divided by l?
16
Suppose 6*t = 2*t - 24. Let a = -305 + 303. Calculate the remainder when 10 is divided by t/(a - -5) - -8.
4
Let n = 14 - 11. Let p be 2/n + (-100)/15. Calculate the remainder when (140/15)/((-2)/p) is divided by 15.
13
Suppose 3*u = -4*v + 285, 0*u + 2*u - v - 179 = 0. What is the remainder when u is divided by 11?
3
Let u be 0 + 2 - (19 - 17). Suppose 2*g + 3*g - 10 = u. Suppose c - 3*f - 9 - 2 = 0, g*f = -c + 1. What is the remainder when c is divided by 2?
1
Let q(g) = 2*g**2 + 7*g + 2. Let n(x) = 2*x**2 - 52*x + 13. Calculate the remainder when q(5) is divided by n(26).
9
Let w = -29 + 43. Suppose -9*n = -w*n + 35. Calculate the remainder when 17 is divided by n.
3
Let v = 162 + -108. What is the remainder when v is divided by 19?
16
Suppose 3*f - t = 5*f - 30, f - 4*t = 6. Let r(j) = 8*j - 1. Calculate the remainder when (2 - (-1 + f))/(6/(-6)) is divided by r(1).
4
Let p = -89 - -79. What is the remainder when 54 is divided by (-2)/p - (-198)/10?
14
Let f(l) = -4*l**2 + 41*l - 31. Let w(z) = z**3 + 7*z**2 - 7*z + 4. Let m be w(-6). Let t = m - 43. What is the remainder when t is divided by f(9)?
11
Let p(a) = -a**3 + 5*a**2 + 5*a - 4. Calculate the remainder when 63 is divided by p(4).
31
Suppose 0 = z + 20 + 5. Suppose -3*j + 4*a - 114 = 0, -18 = 4*a - 6. Let r = z - j. Calculate the remainder when 65 is divided by r.
14
Let g(y) = -y**2 + 7*y - 1. Let n be (-2 - -1)/((-34)/4 - -8). Let t = -32 - -63. What is the remainder when t is divided by g(n)?
4
Let q = -326 + 355. What is the remainder when 56 is divided by q?
27
Suppose 80 - 386 = -3*l. Suppose 0 = 4*o - m - 79, 6*o - 2*o - 99 = -3*m. Calculate the remainder when l is divided by o.
18
Suppose 729 = -33*u + 3699. Suppose -30 = -d + 3*d. Let s = 8 - d. Calculate the remainder when u is divided by s.
21
Suppose -4*t + t + 1091 = -y, -2*t + 718 = 4*y. Suppose -117 = -10*q + t. What is the remainder when 188 is divided by q?
44
Suppose -2*m = -2*m - 4*m. Suppose -4*y - u = y - 63, m = -2*y - 4*u + 18. Let r(t) = 39*t**2 - 1. What is the remainder when r(1) is divided by y?
12
Suppose 0 = u - 14*u + 26. Suppose -5*q - u*j = -3*j - 201, 3*q + 2*j - 118 = 0. What is the remainder when q is divided by 21?
19
Calculate the remainder when (-4)/(-10) + 4*3136/40 is divided by 45.
44
Let m be ((-2)/7)/(6/(-42)). What is the remainder when (4 - 6/m) + 20 is divided by 8?
5
Let v = 475 + -473. Calculate the remainder when 34 is divided by v.
0
Let f = 704 + -677. Calculate the remainder when f is divided by 16.
11
Suppose 4*b + 2*y = -0*b, 3*y + 5 = -b. Let v(f) = 5*f**2 - 2*f + 1. What is the remainder when 15 is divided by v(b)?
3
Calculate the remainder when ((26/(-8) + -4)*8)/(-1) is divided by 10.
8
Let v = 132 - 225. Let l = v - -210. Calculate the remainder when l is divided by 40.
37
Suppose 0 = 2*w + 5*o - 73, w + o + 157 = 5*w. What is the remainder when w is divided by 7?
4
Suppose 126*b - 1026 = 120*b. What is the remainder when 344 is divided by b?
2
Let s(l) = -l**3 + 12*l**2 - 11*l + 2. Let d be s(11). Suppose 6*r - 2*r + 8 = 0. Let m = d - r. Calculate the remainder when 9 is divided by m.
1
Let m be 2 + (3 - -12 - -1). Let f = 27 - m. What is the remainder when 17 is divided by f?
8
Let m(u) = -12*u + 1. Suppose -2*j = -x + 32, 0 = -4*x + 5*j + 51 + 68. What is the remainder when m(-4) is divided by (0 + x/6)/((-3)/(-9))?
10
Calculate the remainder when 83 is divided by (-182)/(-10) + 32/(-160).
11
Let r = 287 + -275. What is the remainder when 47 is divided by r?
11
Let t(o) = 44*o**2 + 1. Calculate the remainder when 187 is divided by t(1).
7
Let b = 3 - 1. Suppose 6*o - b*o = -32. Calculate the remainder when 67 is divided by ((-2)/o)/((-1)/(-68)).
16
Suppose g - 6*g + 310 = 0. Suppose -g - 61 = -3*j. What is the remainder when j is divided by 14?
13
Let h(b) = -23*b + 16 - 23*b + 61*b. What is the remainder when h(6) is divided by 36?
34
Let x = 2 - 0. What is the remainder when x/2 + -2 - -28 is divided by ((-10)/2 - 3)*35/(-40)?
6
Let w(j) = -j**2. Let x(i) = -i + 1. Let o(c) = -6*w(c) - 3*x(c). Suppose -m + 9 = -4*m. What is the remainder when o(m) is divided by 11?
9
Let t = 567 - 520. Calculate the remainder when t is divided by 17.
13
Suppose -5*h = -51 - 129. Let z = -4 - -7. Suppose j = -z*j + h. Calculate the remainder when 22 is divided by j.
4
Suppose 636 + 759 = 15*r. Calculate the remainder when r is divided by 14.
9
Let x(z) = -z**2 + 2*z + 2. Let y be x(-1). Let k(b) = 7*b**2. Calculate the remainder when k(y) is divided by 4.
3
Suppose -4*h - 2*d - 2 = -8, -3*d = 5*h - 8. Let g = h - 0. Let a = g + 32. What is the remainder when a is divided by 9?
6
Suppose 0*i = -2*i. Suppose i = 5*b - 72 + 17. What is the remainder when (-6)/(-2) + 39 + -1 is divided by b?
8
Suppose 15*l + 21 - 441 = 0. What is the remainder when 67 is divided by l?
11
Let a = 32 - 6. Let h be ((-4)/(-5))/(2/25). Let k(j) = -j**3 + 12*j**2 - 11*j - 13. Calculate the remainder when k(h) is divided by a.
25
Suppose -75*z + 2*u + 40 = -72*z, z = -3*u + 17. What is the remainder when 305 is divided by z?
11
Suppose -60*c = 5*c - 14170. What is the remainder when c is divided by 110?
108
Let l(x) = 2*x**2 + 4*x**2 + 2*x**3 - 15*x - 16 + 22 - x**3. Let i be l(-8). Calculate the remainder when 20 is divided by 43/3 + i/6.
6
Suppose 3*r = -3*x + 7 + 17, -20 = -r - 5*x. What is the remainder when 92 is divided by ((-64)/r)/((-38)/95)?
28
Let f be (-6)/(-9) - 205/(-3). Let n = -35 + f. What is the remainder when 135 is divided by n?
33
Let u = -1096 + 1117. Suppose -3*q = -2*q - 4. Let o(p) = 6*p**2 - 3*p - 2. Calculate the remainder when o(q) is divided by u.
19
Suppose -5*d + 3 = -6*d. What is the remainder when 12 is divided by d + 8/1 + 0?
2
Suppose -5*f + 5*y + 11 = y, 0 = 4*f + 5*y - 17. Let l(w) = 4*w**3 - 2*w**2 + w. Calculate the remainder when f + (1/(-1) - -3) is divided by l(1).
2
Suppose 2*b = -24 + 10. Let n(v) = 6*v + 11. Let u(z) = 9*z + 16. Let k(y) = -8*n(y) + 5*u(y). Calculate the remainder when 49 is divided by k(b).
10
Suppose b = 10 - 3. Let m = 16 - b. Let s = 200 + -184. What is the remainder when s is divided by m?
7
Let f(j) = -j + 33. Let b be f(0). Let z = b + -22. Let s = 3 - -4. Calculate the remainder when z is divided by s.
4
Suppose -3*y = -3*r - 39, y + 3*r + 15 = 2*y. Let v(z) = 3*z**2 - 38*z - 11. Let w be v(13). What is the remainder when (75/9)/(w/y) is divided by 14?
8
Suppose 147 = 34*u - 533. What is the remainder when 209 is divided by u?
9
Suppose -35 = -5*z - 3*x, -6*x + 20 = 4*z - 2*x. Let c(t) = t**3 - 3*t**2 + 2*t - 6. Let y be c(3). What is the remainder when z is divided by (-6)/(y - 2 - 0)?
1
Suppose -2*r + 303 = r. Suppose c = 3*m - 29 - r, -2*m + 91 = -5*c. Calculate the remainder when m is di